{"id":32,"date":"2021-02-24T11:03:40","date_gmt":"2021-02-24T10:03:40","guid":{"rendered":"http:\/\/spnicwald.gruta.pl\/?page_id=32"},"modified":"2022-02-14T10:53:27","modified_gmt":"2022-02-14T09:53:27","slug":"rekrutacja-2020-2021","status":"publish","type":"page","link":"https:\/\/spnicwald.gruta.pl\/?page_id=32","title":{"rendered":"REKRUTACJA 2022\/2023"},"content":{"rendered":"<div class=\"kvgmc6g5 cxmmr5t8 oygrvhab hcukyx3x c1et5uql ii04i59q\">\n<div dir=\"auto\" style=\"text-align: center;\"><span style=\"font-size: 12pt;\">Dyrektor Szko\u0142y Podstawowej w Nicwa\u0142dzie informuje,<\/span><\/div>\n<div dir=\"auto\" style=\"text-align: center;\"><span style=\"font-size: 12pt;\">\u017ce rozpoczynaj\u0105 si\u0119 zapisy dzieci na rok szkolny 2022\/2023<\/span><\/div>\n<div dir=\"auto\" style=\"text-align: center;\"><span style=\"font-size: 12pt;\">&#8211; do oddzia\u0142u przedszkolnego \u2013 rocznik 2016, 2017, 2018, 2019<\/span><\/div>\n<div dir=\"auto\" style=\"text-align: center;\"><span style=\"font-size: 12pt;\">Termin sk\u0142adania wniosk\u00f3w: 1.03.2022r. \u2013 31.03.2022r.<\/span><\/div>\n<\/div>\n<div class=\"cxmmr5t8 oygrvhab hcukyx3x c1et5uql o9v6fnle ii04i59q\">\n<div dir=\"auto\" style=\"text-align: center;\"><span style=\"font-size: 12pt;\">&#8211; do klasy pierwszej \u2013 rocznik 2015<\/span><\/div>\n<div dir=\"auto\" style=\"text-align: center;\"><span style=\"font-size: 12pt;\">Termin sk\u0142adania wniosk\u00f3w: 18.03.2022r. \u2013 8.04.2022r.<\/span><\/div>\n<div dir=\"auto\" style=\"text-align: center;\"><span style=\"font-size: 12pt;\">W sprawie rekrutacji prosimy kontaktowa\u0107 si\u0119 z Pani\u0105 A. Barczak: mailowo: rekrutacja_spnicwald@interia.pl lub telefonicznie pod numerem: 882846248.<\/span><\/div>\n<\/div>\n<p>&nbsp;<\/p>\n<p><strong><span style=\"font-size: 12pt;\"><a href=\"https:\/\/spnicwald.gruta.pl\/wp-content\/uploads\/2022\/02\/ZASADY-REKRUTACJI-DZIECI-DO-ODDZIALU-PRZEDSZKOLNEGO.pdf\">ZASADY REKRUTACJI DZIECI DO ODDZIA\u0141U PRZEDSZKOLNEGO<\/a><\/span><\/strong><\/p>\n<p><strong><span style=\"font-size: 12pt;\"><a href=\"https:\/\/spnicwald.gruta.pl\/wp-content\/uploads\/2022\/02\/ZASADY-REKRUTACJI-DZIECI-DO-KLASY-PIERWSZEJ-1.pdf\">ZASADY REKRUTACJI DZIECI DO KLASY PIERWSZEJ<\/a><\/span><\/strong><\/p>\n<p><strong><span style=\"font-size: 12pt;\"><a href=\"https:\/\/spnicwald.gruta.pl\/wp-content\/uploads\/2022\/02\/WNIOSEK-PRZEDSZKOLE.pdf\">WNIOSEK &#8211; PRZEDSZKOLE<\/a><\/span><\/strong><\/p>\n<p><span style=\"font-size: 12pt;\"><strong><a href=\"https:\/\/spnicwald.gruta.pl\/wp-content\/uploads\/2022\/02\/WNIOSEK-KLASA-1.pdf\">WNIOSEK &#8211; KLASA 1<\/a><\/strong><\/span><\/p>\n<p><strong><span style=\"font-size: 12pt;\"><a href=\"https:\/\/spnicwald.gruta.pl\/wp-content\/uploads\/2022\/02\/Oswiadczenie-o-niepelnosprawnosci-w-rodzinie.pdf\">O\u015bwiadczenie-o-niepe\u0142nosprawno\u015bci-w-rodzinie<\/a><\/span><\/strong><\/p>\n<p><span style=\"font-size: 12pt;\"><strong><a href=\"https:\/\/spnicwald.gruta.pl\/wp-content\/uploads\/2022\/02\/Oswiadczenie-o-samotnym-wychowywaniu-dziecka.pdf\">O\u015bwiadczenie-o-samotnym-wychowywaniu-dziecka<\/a><\/strong><\/span><\/p>\n<p><span style=\"font-size: 12pt;\"><strong><a href=\"https:\/\/spnicwald.gruta.pl\/wp-content\/uploads\/2022\/02\/Oswiadczenie-o-wielodzietnosci-rodziny.pdf\">O\u015bwiadczenie-o-wielodzietno\u015bci-rodziny<\/a><\/strong><\/span><\/p>\n<p>&nbsp;<\/p>\n<p>&nbsp;<\/p>\n<p><img loading=\"lazy\" decoding=\"async\" class=\"alignnone size-medium wp-image-64 aligncenter\" src=\"http:\/\/spnicwald.gruta.pl\/wp-content\/uploads\/2021\/02\/cropped-High-school-transition-skills-300x165.jpg\" alt=\"\" width=\"300\" height=\"165\" srcset=\"https:\/\/spnicwald.gruta.pl\/wp-content\/uploads\/2021\/02\/cropped-High-school-transition-skills-300x165.jpg 300w, https:\/\/spnicwald.gruta.pl\/wp-content\/uploads\/2021\/02\/cropped-High-school-transition-skills.jpg 600w\" sizes=\"auto, (max-width: 300px) 100vw, 300px\" \/><\/p>\n","protected":false},"excerpt":{"rendered":"<p>Dyrektor Szko\u0142y Podstawowej w Nicwa\u0142dzie informuje, \u017ce rozpoczynaj\u0105 si\u0119 zapisy dzieci na rok szkolny 2022\/2023 &#8211; do oddzia\u0142u przedszkolnego \u2013 rocznik 2016, 2017, 2018, 2019 Termin sk\u0142adania wniosk\u00f3w: 1.03.2022r. \u2013 31.03.2022r. &#8211; do klasy pierwszej \u2013 rocznik 2015 Termin sk\u0142adania wniosk\u00f3w: 18.03.2022r. \u2013 8.04.2022r. W sprawie rekrutacji prosimy kontaktowa\u0107 si\u0119 z Pani\u0105 A. Barczak: mailowo: &hellip;<\/p>\n<p class=\"read-more\"> <a class=\"\" href=\"https:\/\/spnicwald.gruta.pl\/?page_id=32\"> <span class=\"screen-reader-text\">REKRUTACJA 2022\/2023<\/span> Read More &raquo;<\/a><\/p>\n","protected":false},"author":1,"featured_media":0,"parent":0,"menu_order":0,"comment_status":"closed","ping_status":"closed","template":"","meta":{"site-sidebar-layout":"default","site-content-layout":"default","ast-global-header-display":"","ast-main-header-display":"","ast-hfb-above-header-display":"","ast-hfb-below-header-display":"","ast-hfb-mobile-header-display":"","site-post-title":"","ast-breadcrumbs-content":"","ast-featured-img":"","footer-sml-layout":"","theme-transparent-header-meta":"","adv-header-id-meta":"","stick-header-meta":"","header-above-stick-meta":"","header-main-stick-meta":"","header-below-stick-meta":"","footnotes":""},"class_list":["post-32","page","type-page","status-publish","hentry"],"_links":{"self":[{"href":"https:\/\/spnicwald.gruta.pl\/index.php?rest_route=\/wp\/v2\/pages\/32","targetHints":{"allow":["GET"]}}],"collection":[{"href":"https:\/\/spnicwald.gruta.pl\/index.php?rest_route=\/wp\/v2\/pages"}],"about":[{"href":"https:\/\/spnicwald.gruta.pl\/index.php?rest_route=\/wp\/v2\/types\/page"}],"author":[{"embeddable":true,"href":"https:\/\/spnicwald.gruta.pl\/index.php?rest_route=\/wp\/v2\/users\/1"}],"replies":[{"embeddable":true,"href":"https:\/\/spnicwald.gruta.pl\/index.php?rest_route=%2Fwp%2Fv2%2Fcomments&post=32"}],"version-history":[{"count":7,"href":"https:\/\/spnicwald.gruta.pl\/index.php?rest_route=\/wp\/v2\/pages\/32\/revisions"}],"predecessor-version":[{"id":255,"href":"https:\/\/spnicwald.gruta.pl\/index.php?rest_route=\/wp\/v2\/pages\/32\/revisions\/255"}],"wp:attachment":[{"href":"https:\/\/spnicwald.gruta.pl\/index.php?rest_route=%2Fwp%2Fv2%2Fmedia&parent=32"}],"curies":[{"name":"wp","href":"https:\/\/api.w.org\/{rel}","templated":true}]}}

<div class="kvgmc6g5 cxmmr5t8 oygrvhab hcukyx3x c1et5uql ii04i59q">
<div dir="auto" style="text-align: center;"><span style="font-size: 12pt;">Dyrektor Szkoły Podstawowej w Nicwałdzie informuje,</span></div>
<div dir="auto" style="text-align: center;"><span style="font-size: 12pt;">że rozpoczynają się zapisy dzieci na rok szkolny 2022/2023</span></div>
<div dir="auto" style="text-align: center;"><span style="font-size: 12pt;">&#8211; do oddziału przedszkolnego – rocznik 2016, 2017, 2018, 2019</span></div>
<div dir="auto" style="text-align: center;"><span style="font-size: 12pt;">Termin składania wniosków: 1.03.2022r. – 31.03.2022r.</span></div>
</div>
<div class="cxmmr5t8 oygrvhab hcukyx3x c1et5uql o9v6fnle ii04i59q">
<div dir="auto" style="text-align: center;"><span style="font-size: 12pt;">&#8211; do klasy pierwszej – rocznik 2015</span></div>
<div dir="auto" style="text-align: center;"><span style="font-size: 12pt;">Termin składania wniosków: 18.03.2022r. – 8.04.2022r.</span></div>
<div dir="auto" style="text-align: center;"><span style="font-size: 12pt;">W sprawie rekrutacji prosimy kontaktować się z Panią A. Barczak: mailowo: rekrutacja_spnicwald@interia.pl lub telefonicznie pod numerem: 882846248.</span></div>
</div>
<p>&nbsp;</p>
<p><strong><span style="font-size: 12pt;"><a href="https://spnicwald.gruta.pl/wp-content/uploads/2022/02/ZASADY-REKRUTACJI-DZIECI-DO-ODDZIALU-PRZEDSZKOLNEGO.pdf">ZASADY REKRUTACJI DZIECI DO ODDZIAŁU PRZEDSZKOLNEGO</a></span></strong></p>
<p><strong><span style="font-size: 12pt;"><a href="https://spnicwald.gruta.pl/wp-content/uploads/2022/02/ZASADY-REKRUTACJI-DZIECI-DO-KLASY-PIERWSZEJ-1.pdf">ZASADY REKRUTACJI DZIECI DO KLASY PIERWSZEJ</a></span></strong></p>
<p><strong><span style="font-size: 12pt;"><a href="https://spnicwald.gruta.pl/wp-content/uploads/2022/02/WNIOSEK-PRZEDSZKOLE.pdf">WNIOSEK &#8211; PRZEDSZKOLE</a></span></strong></p>
<p><span style="font-size: 12pt;"><strong><a href="https://spnicwald.gruta.pl/wp-content/uploads/2022/02/WNIOSEK-KLASA-1.pdf">WNIOSEK &#8211; KLASA 1</a></strong></span></p>
<p><strong><span style="font-size: 12pt;"><a href="https://spnicwald.gruta.pl/wp-content/uploads/2022/02/Oswiadczenie-o-niepelnosprawnosci-w-rodzinie.pdf">Oświadczenie-o-niepełnosprawności-w-rodzinie</a></span></strong></p>
<p><span style="font-size: 12pt;"><strong><a href="https://spnicwald.gruta.pl/wp-content/uploads/2022/02/Oswiadczenie-o-samotnym-wychowywaniu-dziecka.pdf">Oświadczenie-o-samotnym-wychowywaniu-dziecka</a></strong></span></p>
<p><span style="font-size: 12pt;"><strong><a href="https://spnicwald.gruta.pl/wp-content/uploads/2022/02/Oswiadczenie-o-wielodzietnosci-rodziny.pdf">Oświadczenie-o-wielodzietności-rodziny</a></strong></span></p>
<p>&nbsp;</p>
<p>&nbsp;</p>
<p><img loading="lazy" decoding="async" class="alignnone size-medium wp-image-64 aligncenter" src="http://spnicwald.gruta.pl/wp-content/uploads/2021/02/cropped-High-school-transition-skills-300x165.jpg" alt="" width="300" height="165" srcset="https://spnicwald.gruta.pl/wp-content/uploads/2021/02/cropped-High-school-transition-skills-300x165.jpg 300w, https://spnicwald.gruta.pl/wp-content/uploads/2021/02/cropped-High-school-transition-skills.jpg 600w" sizes="auto, (max-width: 300px) 100vw, 300px" /></p>

<p>Dyrektor Szkoły Podstawowej w Nicwałdzie informuje, że rozpoczynają się zapisy dzieci na rok szkolny 2022/2023 &#8211; do oddziału przedszkolnego – rocznik 2016, 2017, 2018, 2019 Termin składania wniosków: 1.03.2022r. – 31.03.2022r. &#8211; do klasy pierwszej – rocznik 2015 Termin składania wniosków: 18.03.2022r. – 8.04.2022r. W sprawie rekrutacji prosimy kontaktować się z Panią A. Barczak: mailowo: &hellip;</p>
<p class="read-more"> <a class="" href="https://spnicwald.gruta.pl/?page_id=32"> <span class="screen-reader-text">REKRUTACJA 2022/2023</span> Read More &raquo;</a></p>
