{"id":766,"date":"2023-04-16T16:15:57","date_gmt":"2023-04-16T14:15:57","guid":{"rendered":"https:\/\/spnicwald.gruta.pl\/?page_id=766"},"modified":"2023-04-16T16:15:57","modified_gmt":"2023-04-16T14:15:57","slug":"rekrutacja-do-oddzialu-przedszkolnego-na-rok-szkolny-2023-2024","status":"publish","type":"page","link":"https:\/\/spnicwald.gruta.pl\/?page_id=766","title":{"rendered":"Rekrutacja do oddzia\u0142u przedszkolnego na rok szkolny 2023\/2024"},"content":{"rendered":"<p>Wszystkie z\u0142o\u017cone wnioski zosta\u0142y rozpatrzone pozytywnie.<\/p>\n<p>Zapraszamy rodzic\u00f3w nowo zg\u0142oszonych dzieci w dniach 13-18 kwietnia do podpisania o\u015bwiadczenia woli.<\/p>\n","protected":false},"excerpt":{"rendered":"<p>Wszystkie z\u0142o\u017cone wnioski zosta\u0142y rozpatrzone pozytywnie. Zapraszamy rodzic\u00f3w nowo zg\u0142oszonych dzieci w dniach 13-18 kwietnia do podpisania o\u015bwiadczenia woli.<\/p>\n","protected":false},"author":3,"featured_media":0,"parent":0,"menu_order":0,"comment_status":"closed","ping_status":"closed","template":"","meta":{"site-sidebar-layout":"default","site-content-layout":"default","ast-global-header-display":"","ast-main-header-display":"","ast-hfb-above-header-display":"","ast-hfb-below-header-display":"","ast-hfb-mobile-header-display":"","site-post-title":"","ast-breadcrumbs-content":"","ast-featured-img":"","footer-sml-layout":"","theme-transparent-header-meta":"","adv-header-id-meta":"","stick-header-meta":"","header-above-stick-meta":"","header-main-stick-meta":"","header-below-stick-meta":"","footnotes":""},"class_list":["post-766","page","type-page","status-publish","hentry"],"_links":{"self":[{"href":"https:\/\/spnicwald.gruta.pl\/index.php?rest_route=\/wp\/v2\/pages\/766","targetHints":{"allow":["GET"]}}],"collection":[{"href":"https:\/\/spnicwald.gruta.pl\/index.php?rest_route=\/wp\/v2\/pages"}],"about":[{"href":"https:\/\/spnicwald.gruta.pl\/index.php?rest_route=\/wp\/v2\/types\/page"}],"author":[{"embeddable":true,"href":"https:\/\/spnicwald.gruta.pl\/index.php?rest_route=\/wp\/v2\/users\/3"}],"replies":[{"embeddable":true,"href":"https:\/\/spnicwald.gruta.pl\/index.php?rest_route=%2Fwp%2Fv2%2Fcomments&post=766"}],"version-history":[{"count":1,"href":"https:\/\/spnicwald.gruta.pl\/index.php?rest_route=\/wp\/v2\/pages\/766\/revisions"}],"predecessor-version":[{"id":767,"href":"https:\/\/spnicwald.gruta.pl\/index.php?rest_route=\/wp\/v2\/pages\/766\/revisions\/767"}],"wp:attachment":[{"href":"https:\/\/spnicwald.gruta.pl\/index.php?rest_route=%2Fwp%2Fv2%2Fmedia&parent=766"}],"curies":[{"name":"wp","href":"https:\/\/api.w.org\/{rel}","templated":true}]}}