{"id":925,"date":"2024-09-12T19:05:53","date_gmt":"2024-09-12T17:05:53","guid":{"rendered":"https:\/\/spnicwald.gruta.pl\/?page_id=925"},"modified":"2024-09-24T20:42:02","modified_gmt":"2024-09-24T18:42:02","slug":"pedagog-i-pedagog-specjalny","status":"publish","type":"page","link":"https:\/\/spnicwald.gruta.pl\/?page_id=925","title":{"rendered":"PEDAGOG I PEDAGOG SPECJALNY"},"content":{"rendered":"<p>Pani Marta Kmiecik- pedagog szkolny oraz specjalny jest dost\u0119pna w naszej szkole w podanych poni\u017cej dniach i godzinach:<\/p>\n<p><span style=\"color: #0000ff;\"><strong>Pedagog szkolny:<\/strong><\/span><\/p>\n<p>Wtorek: 10:00-12:30, 12:20-14:20, 15:20-16:00<\/p>\n<p>\u015aroda: 8:00-11:30<\/p>\n<p>Czwartek: 9:00-14:05<\/p>\n<p><strong><span style=\"color: #0000ff;\">Pedagog specjalny:<\/span><\/strong><\/p>\n<p>Poniedzia\u0142ek: 10:00-13:20, 14:05-16:00<\/p>\n<p>\u015aroda: 14:00-16:00<\/p>\n<p>Czwartek: 8:00-9:00<\/p>\n<p>Pi\u0105tek: 12:00-16:00<\/p>\n<p style=\"text-align: center;\">Pani Marta serdecznie zaprasza do kontaktu osobistego lub poprzez e- dziennik \ud83d\ude42<\/p>\n","protected":false},"excerpt":{"rendered":"<p>Pani Marta Kmiecik- pedagog szkolny oraz specjalny jest dost\u0119pna w naszej szkole w podanych poni\u017cej dniach i godzinach: Pedagog szkolny: Wtorek: 10:00-12:30, 12:20-14:20, 15:20-16:00 \u015aroda: 8:00-11:30 Czwartek: 9:00-14:05 Pedagog specjalny: Poniedzia\u0142ek: 10:00-13:20, 14:05-16:00 \u015aroda: 14:00-16:00 Czwartek: 8:00-9:00 Pi\u0105tek: 12:00-16:00 Pani Marta serdecznie zaprasza do kontaktu osobistego lub poprzez e- dziennik \ud83d\ude42<\/p>\n","protected":false},"author":3,"featured_media":0,"parent":0,"menu_order":0,"comment_status":"closed","ping_status":"closed","template":"","meta":{"site-sidebar-layout":"default","site-content-layout":"default","ast-global-header-display":"","ast-main-header-display":"","ast-hfb-above-header-display":"","ast-hfb-below-header-display":"","ast-hfb-mobile-header-display":"","site-post-title":"","ast-breadcrumbs-content":"","ast-featured-img":"","footer-sml-layout":"","theme-transparent-header-meta":"","adv-header-id-meta":"","stick-header-meta":"","header-above-stick-meta":"","header-main-stick-meta":"","header-below-stick-meta":"","footnotes":""},"class_list":["post-925","page","type-page","status-publish","hentry"],"_links":{"self":[{"href":"https:\/\/spnicwald.gruta.pl\/index.php?rest_route=\/wp\/v2\/pages\/925","targetHints":{"allow":["GET"]}}],"collection":[{"href":"https:\/\/spnicwald.gruta.pl\/index.php?rest_route=\/wp\/v2\/pages"}],"about":[{"href":"https:\/\/spnicwald.gruta.pl\/index.php?rest_route=\/wp\/v2\/types\/page"}],"author":[{"embeddable":true,"href":"https:\/\/spnicwald.gruta.pl\/index.php?rest_route=\/wp\/v2\/users\/3"}],"replies":[{"embeddable":true,"href":"https:\/\/spnicwald.gruta.pl\/index.php?rest_route=%2Fwp%2Fv2%2Fcomments&post=925"}],"version-history":[{"count":5,"href":"https:\/\/spnicwald.gruta.pl\/index.php?rest_route=\/wp\/v2\/pages\/925\/revisions"}],"predecessor-version":[{"id":946,"href":"https:\/\/spnicwald.gruta.pl\/index.php?rest_route=\/wp\/v2\/pages\/925\/revisions\/946"}],"wp:attachment":[{"href":"https:\/\/spnicwald.gruta.pl\/index.php?rest_route=%2Fwp%2Fv2%2Fmedia&parent=925"}],"curies":[{"name":"wp","href":"https:\/\/api.w.org\/{rel}","templated":true}]}}